f 2463?
3
What is the thousands digit of 2374?
2
What is the tens digit of 473?
7
What is the thousands digit of 81032?
1
What is the thousands digit of 1059?
1
What is the hundreds digit of 14999?
9
What is the tens digit of 40790?
9
What is the units digit of 733?
3
What is the units digit of 5985?
5
What is the thousands digit of 36863?
6
What is the units digit of 11764?
4
What is the tens digit of 157?
5
What is the ten thousands digit of 12041?
1
What is the hundreds digit of 162546?
5
What is the ten thousands digit of 10607?
1
What is the hundreds digit of 21553?
5
What is the tens digit of 450?
5
What is the units digit of 39995?
5
What is the hundreds digit of 16072?
0
What is the units digit of 80939?
9
What is the tens digit of 19985?
8
What is the units digit of 707?
7
What is the units digit of 464?
4
What is the units digit of 8390?
0
What is the tens digit of 11558?
5
What is the hundreds digit of 46964?
9
What is the tens digit of 48854?
5
What is the units digit of 151?
1
What is the units digit of 18615?
5
What is the ten thousands digit of 16588?
1
What is the tens digit of 944?
4
What is the thousands digit of 1116?
1
What is the tens digit of 695?
9
What is the tens digit of 3207?
0
What is the thousands digit of 2361?
2
What is the thousands digit of 4695?
4
What is the tens digit of 6436?
3
What is the units digit of 1622?
2
What is the tens digit of 484?
8
What is the tens digit of 16698?
9
What is the thousands digit of 5614?
5
What is the tens digit of 558?
5
What is the tens digit of 54135?
3
What is the tens digit of 704?
0
What is the units digit of 1267?
7
What is the units digit of 65225?
5
What is the tens digit of 13594?
9
What is the hundreds digit of 73698?
6
What is the tens digit of 7804?
0
What is the tens digit of 694?
9
What is the units digit of 1807?
7
What is the hundreds digit of 26937?
9
What is the tens digit of 1349?
4
What is the thousands digit of 81260?
1
What is the units digit of 13680?
0
What is the tens digit of 7722?
2
What is the hundreds digit of 1676?
6
What is the units digit of 13349?
9
What is the thousands digit of 152691?
2
What is the tens digit of 2874?
7
What is the units digit of 1455?
5
What is the units digit of 780?
0
What is the units digit of 747?
7
What is the ten thousands digit of 50676?
5
What is the tens digit of 1696?
9
What is the hundreds digit of 16312?
3
What is the hundreds digit of 676?
6
What is the hundreds digit of 26805?
8
What is the thousands digit of 2315?
2
What is the thousands digit of 9728?
9
What is the units digit of 1858?
8
What is the tens digit of 633?
3
What is the hundreds digit of 56020?
0
What is the ten thousands digit of 10799?
1
What is the hundreds digit of 849?
8
What is the hundred thousands digit of 171516?
1
What is the units digit of 7920?
0
What is the ten thousands digit of 48552?
4
What is the thousands digit of 17327?
7
What is the thousands digit of 1329?
1
What is the units digit of 49553?
3
What is the hundreds digit of 685?
6
What is the thousands digit of 21902?
1
What is the thousands digit of 4855?
4
What is the thousands digit of 42938?
2
What is the tens digit of 7712?
1
What is the hundreds digit of 6545?
5
What is the hundreds digit of 3891?
8
What is the ten thousands digit of 15160?
1
What is the hundreds digit of 5964?
9
What is the hundreds digit of 183?
1
What is the tens digit of 684?
8
What is the units digit of 24?
4
What is the units digit of 15748?
8
What is the thousands digit of 11734?
1
What is the units digit of 640?
0
What is the hundreds digit of 10069?
0
What is the units digit of 15010?
0
What is the hundreds digit of 37604?
6
What is the tens digit of 1520?
2
What is the thousands digit of 2717?
2
What is the hundreds digit of 3632?
6
What is the units digit of 8882?
2
What is the hundreds digit of 4819?
8
What is the hundreds digit of 730?
7
What is the tens digit of 149?
4
What is the tens digit of 14147?
4
What is the thousands digit of 53236?
3
What is the units digit of 3469?
9
What is the tens digit of 193?
9
What is the thousands digit of 59119?
9
What is the hundreds digit of 46418?
4
What is the hundred thousands digit of 103423?
1
What is the units digit of 820?
0
What is the ten thousands digit of 33699?
3
What is the hundreds digit of 1803?
8
What is the hundreds digit of 1573?
5
What is the tens digit of 2720?
2
What is the tens digit of 919?
1
What is the units digit of 9996?
6
What is the tens digit of 157?
5
What is the tens digit of 12136?
3
What is the ten thousands digit of 10148?
1
What is the units digit of 4873?
3
What is the units digit of 815?
5
What is the hundreds digit of 1030?
0
What is the thousands digit of 2664?
2
What is the thousands digit of 7570?
7
What is the tens digit of 6087?
8
What is the units digit of 95?
5
What is the units digit of 693?
3
What is the tens digit of 6233?
3
What is the tens digit of 10772?
7
What is the thousands digit of 33918?
3
What is the tens digit of 29173?
7
What is the tens digit of 749?
4
What is the tens digit of 9802?
0
What is the units digit of 582?
2
What is the hundreds digit of 59567?
5
What is the thousands digit of 97587?
7
What is the thousands digit of 91714?
1
What is the tens digit of 3194?
9
What is the hundreds digit of 67306?
3
What is the thousands digit of 34269?
4
What is the tens digit of 165?
6
What is the hundreds digit of 22817?
8
What is the units digit of 13330?
0
What is the units digit of 1421?
1
What is the hundreds digit of 53115?
1
What is the thousands digit of 1247?
1
What is the tens digit of 38722?
2
What is the hundreds digit of 40839?
8
What is the tens digit of 26307?
0
What is the tens digit of 27594?
9
What is the hundreds digit of 1070?
0
What is the thousands digit of 29563?
9
What is the units digit of 710?
0
What is the hundreds digit of 340?
3
What is the hundreds digit of 533?
5
What is the units digit of 2472?
2
What is the thousands digit of 48887?
8
What is the thousands digit of 107944?
7
What is the units digit of 128915?
5
What is the units digit of 1478?
8
What is the hundreds digit of 9543?
5
What is the units digit of 2745?
5
What is the ten thousands digit of 11002?
1
What is the units digit of 10225?
5
What is the thousands digit of 25594?
5
What is the thousands digit of 6157?
6
What is the tens digit of 30385?
8
What is the units digit of 6228?
8
What is the hundreds digit of 3721?
7
What is the thousands digit of 3470?
3
What is the units digit of 1856?
6
What is the hundreds digit of 172501?
5
What is the units digit of 1869?
9
What is the hundreds digit of 1057?
0
What is the hundred thousands digit of 133773?
1
What is the ten thousands digit of 21569?
2
What is the thousands digit of 5409?
5
What is the hundred thousands digit of 134372?
1
What is the ten thousands digit of 23566?
2
What is the thousands digit of 4711?
4
What is the tens digit of 36619?
1
What is the hundreds digit of 3005?
0
What is the units digit of 73787?
7
What is the thousands digit of 5829?
5
What is the tens digit of 5509?
0
What is the hundreds digit of 24235?
2
What is the ten thousands digit of 13997?
1
What is the tens digit of 5414?
1
What is the hundreds digit of 1609?
6
What is the tens digit of 3999?
9
What is the units digit of 13298?
8
What is the units digit of 196265?
5
What is the tens digit of 114?
1
What is the ten thousands digit of 24922?
2
What is the hundreds digit of 35957?
9
What is the thousands digit of 1119?
1
What is the hundreds digit of 11535?
5
What is the tens digit of 36717?
1
What is the units digit of 5984?
4
What is the thousands digit of 37795?
7
What is the hundreds digit of 44568?
5
What is the units digit of 605?
5
What is the tens digit of 1446?
4
What is the thousands digit of 3317?
3
What is the tens digit of 12898?
9
What is the ten thousands digit of 179801?
7
What is the hundreds digit of 34203?
2
What is the thousands digit of 4167?
4
What is the thousands digit of 56269?
6
What is the thousands digit of 15608?
5
What is the units digit of 44816?
6
What is the hundreds digit of 11882?
8
What is the units digit of 7284?
4
What is the thousands digit of 160290?
0
What is the tens digit of 1909?
0
What is the ten thousands digit of 17874?
1
What is t